alculate the highest common divisor of p and 39500.
250
Suppose 11*b = -10*b - 18*b + 8463. What is the greatest common divisor of 1364 and b?
31
Suppose 5*a - 18 = 12, 4*r + 2*a - 80420 = 0. What is the greatest common factor of 76 and r?
38
Let z be (-354*(-6)/27)/(236/4779). Calculate the greatest common factor of 236 and z.
59
Suppose 24*j = 13*j + 458 + 48. Let l(m) = 162*m**2 + m. Let n be l(-1). What is the greatest common factor of n and j?
23
Let y(k) = 9*k + 319. Let s be y(-35). Suppose -12 = s*l, -l - 4*l + 20 = 5*z. Calculate the greatest common factor of z and 77.
7
Let t = 2275 - 2269. What is the highest common factor of 1263 and t?
3
Suppose 86*z - 4739 = 11084 + 3441. Calculate the highest common divisor of z and 248.
8
Let x = 996 + -993. Let p be (-1 + 4/10)*-5. Suppose 10 = -5*i, -2*i + p*i + 401 = x*s. Calculate the highest common factor of s and 19.
19
Let c = -24504 - -24519. Calculate the highest common divisor of c and 48255.
15
Suppose -u - 2*d + 165 = 2*u, 3*d = -5*u + 275. Suppose 275 + 220 = 3*x. What is the highest common divisor of x and u?
55
Suppose 4*h = -139*z + 136*z + 7, -2 = -z - h. What is the greatest common factor of z and 197?
1
Let j = 966 + -937. What is the greatest common divisor of 493 and j?
29
Suppose 53 = 2*a + 1. Suppose 6*i - a = -7*i. What is the greatest common factor of 46 and i?
2
Let o(c) be the first derivative of c**4/4 - 10*c**3/3 - 11*c**2 + 66*c - 49. Let s be o(12). Calculate the highest common divisor of 36 and s.
18
Suppose -3*b + w = -94, -28*b + 30*b - 61 = w. What is the greatest common factor of b and 957?
33
Let v = 30 + -14. Suppose -3*z - 3 = -3*p, 3*z = 5*p + z - 8. Suppose -c - 2*c - o = -237, 0 = 4*c - p*o - 326. Calculate the highest common factor of c and v.
16
Let s be 24 - ((-2)/17 + (-46)/(-391)). What is the greatest common factor of 3840 and s?
24
Suppose -23*q + 300 = -22*q. Let o = q - 248. Suppose 22 = 3*f + 5*z, 3*f + 4*z - 24 = -f. What is the greatest common divisor of f and o?
4
Suppose -123*g + 2*d - 17476 = -127*g, 3*d = -2*g + 8730. What is the highest common divisor of 141 and g?
141
Suppose 181*i - 184*i - 3*h + 219 = 0, 0 = -3*i + 2*h + 239. Calculate the greatest common divisor of i and 4928.
77
Suppose 68824 = 611*g + 2836. Suppose 5*k - 385 = 515. Calculate the highest common factor of g and k.
36
Suppose 7*h + 4*h + 6919 = 0. Let a = -175 - h. Suppose 672 = 3*y - 3*w, -3*y + 4*w = -5*y + a. Calculate the highest common factor of y and 25.
25
Let y(t) be the first derivative of t**2/2 + 19*t - 116. Let o be y(-7). Calculate the greatest common factor of o and 21.
3
Suppose 36*r + 572 = 38*r. Suppose v + 205 - r = 0. What is the highest common factor of 108 and v?
27
Let p = 73 - 71. Let z(n) = 2 - 8 - 107*n + 2*n**p + 91*n. Let f be z(9). What is the greatest common divisor of 8 and f?
4
Let s = 83 - 72. Suppose 30 - 8 = s*u. Calculate the highest common factor of u and 6.
2
Suppose -6 = 3*d - 5*d. Suppose d*k = k + 5*k. Suppose 6*i - 330 - 150 = k. Calculate the greatest common factor of 60 and i.
20
Suppose 5*l - 4*y - 104 = 0, 212*l - 215*l + 129 = 5*y. Suppose s - 3*s + 134 = x, -s + 4 = 0. Calculate the greatest common divisor of x and l.
14
Let v(h) = 457*h**3 - 9*h**2 + 7*h. Let w be v(1). Calculate the highest common factor of w and 875.
35
Let y = -1941 + 2109. Suppose 2*w + 2*w = 0. Suppose -13*s + 6*s + y = w. What is the greatest common divisor of s and 60?
12
Let w = -100 - -104. Suppose 4*t - w*f = 48, 5*f - 2*f = t - 6. What is the highest common divisor of 21 and t?
3
Let n(t) = 80*t**2 + 898*t + 96. Let c be n(-18). What is the highest common factor of c and 12?
12
Suppose -y + 4 = 2*h - 6, 0 = h + 4*y - 5. Suppose -5*x - 5*r - h = -x, -5*x + 5*r + 50 = 0. What is the highest common divisor of 2 and x?
1
Suppose p - 2*p - 3*b = -43, -5*p + 130 = -2*b. Let s = 61 - p. Suppose 5*i - a = 138, -i + 3*a = a - s. What is the highest common factor of 18 and i?
9
Let l = 323 - 73. Let u = l - 172. What is the highest common factor of 6 and u?
6
Let j be 592 + 1 + -4 - (-10 + -1). What is the greatest common factor of 5550 and j?
150
Suppose 7*z + 69*z - 43700 = 0. Suppose h = -h - 3*m + 62, 3*h - 63 = 3*m. What is the greatest common factor of z and h?
25
Let u = 9786 - 9621. Calculate the highest common divisor of u and 510.
15
Let j(i) = 4*i**3 + 35*i**2 - i + 83. Let f be j(-9). What is the highest common divisor of f and 2178?
11
Let c = 8500 + -8250. Let v be 2/4 + 19/2. What is the highest common divisor of c and v?
10
Let w = -21482 + 21617. Calculate the greatest common divisor of 605 and w.
5
Let f(d) be the third derivative of d**6/30 - d**5/10 - 13*d**4/24 + 13*d**3/6 + d**2 - 82*d. Let j be f(6). Calculate the highest common factor of 11 and j.
11
Let v(j) = -27*j + 132. Let g be v(-9). Suppose 0 = 3*x + 4*u - 1337 + g, -2*x - 4*u = -640. Calculate the highest common divisor of 14 and x.
14
Suppose 6*w - 27 + 9 = 0. Suppose 4*n + w*s - 17 = 3*n, n = 5*s + 25. Calculate the greatest common divisor of n and 180.
20
Suppose -84*l + 2*b = -86*l + 336, -3*l + 480 = -5*b. Calculate the highest common divisor of l and 285.
15
Let s(z) = 11*z**2 - 1. Let f be s(2). Suppose -852 = -5*o - 4*b, -5*o + 2*b - 5*b + 854 = 0. Calculate the highest common factor of f and o.
43
Let i(w) = 13*w - 26. Let v be i(-2). Let n = -34 - v. Calculate the greatest common factor of 6 and n.
6
Let g = 6611 + -4445. Let a = -191926 + 192040. What is the greatest common factor of a and g?
114
Suppose -o + 2*k = -64, o = 5*k - 1074 + 1144. What is the greatest common factor of 6015 and o?
15
Let f = -20 - -36. Let r be 1/(2/13 + 12/(-416)). Calculate the greatest common divisor of r and f.
8
Suppose -46*o - 4*o + 325945 = 23*o. What is the highest common divisor of o and 94?
47
Suppose -5*d + 148022 = 19*d - 105946. Calculate the greatest common divisor of 22 and d.
22
Let f(l) = 31*l + 1271. Let o be f(-40). What is the highest common factor of 124 and o?
31
Let j(n) = 6*n - 27. Let i be j(21). Suppose 8*v + i = 17*v. Suppose -3*a + 132 = -0*a. What is the greatest common factor of a and v?
11
Let y(a) = a + 9. Let w be y(-6). Suppose 0 = w*g - 28 - 5. Suppose 0 = -0*m + 2*m + 4*o - 8, -3*o + g = 2*m. What is the highest common factor of m and 15?
5
Let w be (4/(-10))/(36/45)*-4. Let l(m) = 3*m**3 + 12*m**2 - 2 + m**3 - w*m + 0*m**2. Let s be l(-3). Calculate the highest common factor of s and 6.
2
Let d = 105 + 93. Suppose 197*a = d*a - 23. Calculate the greatest common factor of a and 23.
23
Let l be -8*((3 - 3) + (-4)/8). Let x(z) = 9*z + 24. Let b be x(l). Calculate the greatest common divisor of b and 36.
12
Suppose -13*l + 2671 = 5*q - 11*l, -2*l + 1601 = 3*q. What is the greatest common divisor of q and 428?
107
Suppose 68*n - 66*n - 5*x - 36 = 0, -5*x = 2*n + 4. Calculate the greatest common divisor of n and 12.
4
Let a(n) = -95*n - 6733. Let w be a(-71). Suppose -5*t + 290 = -4*y, 3*y = -0*t + 3*t - 177. Calculate the greatest common divisor of t and w.
6
Let a be (5*27)/(2/2). Let b(c) = c**2 + 4*c + 42. Let x be ((72/(-14))/3)/((-20)/(-70)). Let g be b(x). Calculate the highest common factor of a and g.
27
Let n = 5852 + -5620. Let m be 2/14 - (-17038)/98. Calculate the greatest common divisor of m and n.
58
Suppose -z - 2860 = -23*z. Suppose 6*k + 2*k - 176 = 0. Let v = 30 + k. What is the greatest common divisor of v and z?
26
Suppose -655 = 7*z + 304. Let w = z - -161. Calculate the greatest common divisor of 6 and w.
6
Let x(p) = p**3 - 14*p**2 - 18*p + 75. Suppose 199 - 79 = 8*n. Let c be x(n). What is the highest common factor of c and 255?
15
Let f(m) = -2*m**3 + 29*m**2 - 7*m + 26. Let v be f(14). Calculate the greatest common divisor of v and 5828.
124
Let d be 1/(-2)*17*(-20 + 2). Suppose 2*j - 4*j = -98. Suppose 19 + j = 4*n. What is the highest common divisor of n and d?
17
Let m be (-110)/(-16) + 9 - 20/(-160). Let p = 41 - -16. Suppose -4*w + 39 = -p. What is the greatest common factor of m and w?
8
Let f be (536/(-16))/(1/6). Let s = f + 231. What is the highest common divisor of s and 105?
15
Let c = -77073 + 77247. Let m(g) = -g**3 - 2*g**2 - 3*g. Let n be m(-2). What is the highest common divisor of c and n?
6
Suppose 6*p 